{"id":10,"date":"2018-01-26T15:35:10","date_gmt":"2018-01-26T14:35:10","guid":{"rendered":"http:\/\/www.fengshuidulogic.com\/?page_id=10"},"modified":"2020-10-02T18:24:58","modified_gmt":"2020-10-02T16:24:58","slug":"blog","status":"publish","type":"page","link":"https:\/\/www.fengshuidulogic.com\/index.php\/blog\/","title":{"rendered":"Blog"},"content":{"rendered":"<h1><em><strong>BONJOUR ET BIENVENUE<\/strong> <\/em><\/h1>\n<h1 style=\"text-align: center;\"><em>dans cet espace Blog !!!\u00a0<\/em><\/h1>\n<p>.<\/p>\n<p>.<\/p>\n<p><img loading=\"lazy\" class=\"wp-image-328 aligncenter\" src=\"http:\/\/www.fengshuidulogic.com\/wp-content\/uploads\/2018\/03\/shutterstock_418249096-300x200.jpg\" alt=\"\" width=\"443\" height=\"295\" srcset=\"https:\/\/www.fengshuidulogic.com\/wp-content\/uploads\/2018\/03\/shutterstock_418249096-300x200.jpg 300w, https:\/\/www.fengshuidulogic.com\/wp-content\/uploads\/2018\/03\/shutterstock_418249096-768x513.jpg 768w, https:\/\/www.fengshuidulogic.com\/wp-content\/uploads\/2018\/03\/shutterstock_418249096-1024x683.jpg 1024w, https:\/\/www.fengshuidulogic.com\/wp-content\/uploads\/2018\/03\/shutterstock_418249096-1080x721.jpg 1080w, https:\/\/www.fengshuidulogic.com\/wp-content\/uploads\/2018\/03\/shutterstock_418249096-610x407.jpg 610w, https:\/\/www.fengshuidulogic.com\/wp-content\/uploads\/2018\/03\/shutterstock_418249096.jpg 1600w\" sizes=\"(max-width: 443px) 100vw, 443px\" \/><\/p>\n<p>.<\/p>\n<p>.<\/p>\n<h4><\/h4>\n<p><em>Ici, je vais vous donner quelques explications sur le Feng-Shui, astuces annexes, conseils<\/em><\/p>\n<p><em>et autres petites informations\u00a0sur ce que vous pouvez faire pour votre Feng-Shui&#8230;<\/em><\/p>\n<p>.<\/p>\n<p>.<\/p>\n<h2>D&#8217;O\u00f9 PROVIENT LE FENG-SHUI ?<\/h2>\n<p>.<\/p>\n<p>.<\/p>\n<p>Le Feng-Shui a \u00e9t\u00e9 d\u00e9couvert et d\u00e9velopp\u00e9 il y a 5 mille ans par des<a href=\"https:\/\/fr.wikipedia.org\/wiki\/Rishi\"> Rishis<\/a>. C&#8217;est essentiellement en <strong>Chine<\/strong> qu&#8217;il a \u00e9t\u00e9 d\u00e9velopp\u00e9, mais c&#8217;est \u00e0 partir du <strong>Vastu Shastra, Vastu Vidyia et Vastu<\/strong><\/p>\n<p>de l&#8217;Inde qu&#8217;il a pris sa source. Il a rayonn\u00e9 sur le Japon, la Cor\u00e9e, Singapour&#8230;<\/p>\n<p>Il \u00e9tait \u00e0 l&#8217;\u00e9poque r\u00e9serv\u00e9 aux castes sup\u00e9rieures, notamment avant m\u00eame de construire un palais ou un ch\u00e2teau afin de d\u00e9finir <strong>le meilleur endroit et la meilleure position par rapport au relief du<\/strong> <strong>terrain et aux directions cardinales<\/strong> afin d&#8217;assurer longue et bonne vie \u00e0 ses occupants.<\/p>\n<p>Il a \u00e9t\u00e9 <strong>d\u00e9mocratis\u00e9 il y a environ 700 ans<\/strong> pour \u00eatre utilis\u00e9 par tout type de personnes apportant plus d&#8217;Harmonie et de Bien-\u00eatre dans la vie.<\/p>\n<p><em><strong>Le Mot &#8220;Feng-Shui&#8221; veut dire litt\u00e9ralement &#8220;Vent et Eau&#8221;<\/strong><\/em>\u00a0en chinois<\/p>\n<p><em><strong><img loading=\"lazy\" class=\"wp-image-342 alignright\" src=\"http:\/\/www.fengshuidulogic.com\/wp-content\/uploads\/2018\/03\/Vent-et-eau-1.jpg\" alt=\"\" width=\"310\" height=\"193\" \/><\/strong><\/em><\/p>\n<p>Il y a deux significations \u00e0 cela :<\/p>\n<p>L&#8217;une rappelant que <strong>le relief du terrain, les paysages<\/strong> ont \u00e9t\u00e9 fa\u00e7onn\u00e9s par le vent et l&#8217;eau,<\/p>\n<p>L&#8217;autre mettant en \u00e9vidence l&#8217;aspect \u00e9nerg\u00e9tique du vent et de l&#8217;eau<\/p>\n<p>car ce sont <strong>deux \u00e9nergies naturelles en mouvement<\/strong> dont l&#8217;une est<strong> visible et palpable<\/strong> et l&#8217;autre est <strong>invisible et impalpable<\/strong>&#8230;<\/p>\n<p>Ce qui \u00e9voque aussi que dans notre vie il y a <strong>50% d&#8217;\u00e9l\u00e9ments visibles<\/strong> et concrets qui font de notre vie ce qu&#8217;elle est<\/p>\n<p><strong>et 50% d&#8217;\u00e9l\u00e9ments invisibles et abstraits qui nous influencent tout autant !<\/strong><\/p>\n<p><em>Avec les connaissances du Feng-Shui (qui sont comme un puits profonds&#8230;) <\/em><\/p>\n<p><em><strong>nous apprenons \u00e0 lever notre barre pour naviguer avec le vent et l&#8217;eau sur les ondes de la vie !<\/strong><\/em><\/p>\n<p>Cela nous arme \u00e0 \u00eatre pleinement en possession de nos meilleurs moyens et <strong>mettre toutes les chances de notre c\u00f4t\u00e9<\/strong> pour r\u00e9ussir ce que nous entreprenons ou r\u00eavons&#8230;<\/p>\n<p>.<\/p>\n<p><img loading=\"lazy\" class=\" wp-image-343 aligncenter\" src=\"http:\/\/www.fengshuidulogic.com\/wp-content\/uploads\/2018\/03\/girl-1561989-300x200.jpg\" alt=\"\" width=\"372\" height=\"248\" srcset=\"https:\/\/www.fengshuidulogic.com\/wp-content\/uploads\/2018\/03\/girl-1561989-300x200.jpg 300w, https:\/\/www.fengshuidulogic.com\/wp-content\/uploads\/2018\/03\/girl-1561989-768x512.jpg 768w, https:\/\/www.fengshuidulogic.com\/wp-content\/uploads\/2018\/03\/girl-1561989-1024x683.jpg 1024w, https:\/\/www.fengshuidulogic.com\/wp-content\/uploads\/2018\/03\/girl-1561989-1080x720.jpg 1080w, https:\/\/www.fengshuidulogic.com\/wp-content\/uploads\/2018\/03\/girl-1561989-610x407.jpg 610w, https:\/\/www.fengshuidulogic.com\/wp-content\/uploads\/2018\/03\/girl-1561989.jpg 1600w\" sizes=\"(max-width: 372px) 100vw, 372px\" \/><\/p>\n<p>.<\/p>\n<p><strong>Le Feng-Shui est appel\u00e9 &#8220;Un Art de Vivre&#8221;<\/strong> dans le sens o\u00f9 en le pratiquant, nous apprenons \u00e0 <strong>observer certains \u00e9l\u00e9ments de la Nature<\/strong> qui nous environnent pour savoir comment faire avec elle et <strong>nous laisser porter par les courants vitaux<\/strong> qui traversent notre bel Univers !<\/p>\n<p>Nous observons par exemple comment <strong>les directions cardinales<\/strong> nous influencent car elles ont un impact<\/p>\n<p>tr\u00e8s fort sur comment nous nous sentons et chacune d&#8217;entre elles nous donnent <strong>une \u00e9nergie\u00a0<\/strong><strong>qui lui est propre<\/strong> et bien diff\u00e9rente de sa voisine !<\/p>\n<p>.<\/p>\n<p>.<\/p>\n<p><img loading=\"lazy\" class=\"size-full wp-image-349 aligncenter\" src=\"http:\/\/www.fengshuidulogic.com\/wp-content\/uploads\/2018\/03\/Boussole-et-\u00e9quilibre.jpg\" alt=\"\" width=\"225\" height=\"225\" srcset=\"https:\/\/www.fengshuidulogic.com\/wp-content\/uploads\/2018\/03\/Boussole-et-\u00e9quilibre.jpg 225w, https:\/\/www.fengshuidulogic.com\/wp-content\/uploads\/2018\/03\/Boussole-et-\u00e9quilibre-150x150.jpg 150w\" sizes=\"(max-width: 225px) 100vw, 225px\" \/><\/p>\n<p>.<\/p>\n<p>Il y a 4 directions principales que sont Le Nord, Le Sud, L&#8217;Est et L&#8217;Ouest,<\/p>\n<p>et 4 directions interm\u00e9diaires : Nord-Ouest, Sud-Ouest, Sud-Est, Nord-Est.<\/p>\n<p>La direction vers laquelle est tourn\u00e9e<strong> votre porte d&#8217;entr\u00e9e<\/strong> va alimenter tout votre lieu !<\/p>\n<p>Elle est donc hyper importante car elle va donner<strong> une couleur de fond \u00e0 votre vie !!!<\/strong><\/p>\n<p>Pourquoi certaines personnes ont une vie dans <strong>l&#8217;hyper activit\u00e9 et le rush<\/strong> tandis que d&#8217;autres ont une vie <strong>des plus calme, voir morne&#8230; ?<\/strong><\/p>\n<p>Pourquoi certains commerces <strong>fonctionnent du Feu de Dieu<\/strong> tandis que d&#8217;autres, \u00e0 certains emplacements n&#8217;ont <strong>jamais march\u00e9<\/strong> quel qu\u2019en soit le contenu&#8230;<\/p>\n<p>J&#8217;ai pour ma part syst\u00e9matiquement constat\u00e9, que ce soit pour ma vie ou celle de mes proches et de mes clients l&#8217;effet de ces directions qui n&#8217;a fait que confirm\u00e9 ce que j&#8217;ai appris dans ma formation de Feng-Shui, et la r\u00e9percussion va jusqu&#8217;au niveau social des personnes, \u00e0 savoir qu&#8217;une direction qui vous est propice vous met en bonne posture pour \u00eatre dans votre meilleure \u00e9nergie pour vous faire des amis, avoir un bon travail et de bonnes relations avec les autres, vous donnes de l&#8217;\u00e9nergie et de l&#8217;\u00e9lan&#8230;<\/p>\n<p>Tandis qu&#8217;avec l&#8217;\u00e9nergie d&#8217;une direction cardinale qui ne vous est pas propice, il y a du <strong>ralentissement dans les choses<\/strong>, <strong>de la lourdeur<\/strong> dans votre vie, <strong>un manque d&#8217;\u00e9nergie et d&#8217;\u00e9lan<\/strong>, voir des <strong>blocages<\/strong> dans la continuit\u00e9 de vos projets&#8230;<\/p>\n<p>.<\/p>\n<p>.<\/p>\n<h2><strong>LA CIRCULATION DE L&#8217;ENERGIE DANS L&#8217;ESPACE OU &#8220;CIRCULATION DU QI&#8221;<\/strong><\/h2>\n<p>.<\/p>\n<p>Il ne suffit pas d&#8217;avoir une bonne direction cardinale \u00e0 votre porte&#8230; Encore faut-il que cette \u00e9nergie circule bien comme il faut \u00e0 l\u2019int\u00e9rieur de votre sweet home&#8230;<\/p>\n<p>Cela \u00e9quivaudrait \u00e0 dire que si vous \u00eates en haute montagne mais que vous avez les narines bouch\u00e9es, vous n&#8217;allez pas b\u00e9n\u00e9ficier de toutes les qualit\u00e9s positives pr\u00e9sentes dans l&#8217;atmosph\u00e8re !<\/p>\n<p>.<\/p>\n<p>.<\/p>\n<p><img loading=\"lazy\" class=\"wp-image-359 aligncenter\" src=\"http:\/\/www.fengshuidulogic.com\/wp-content\/uploads\/2018\/03\/shutterstock_393406468-300x200.jpg\" alt=\"\" width=\"546\" height=\"364\" srcset=\"https:\/\/www.fengshuidulogic.com\/wp-content\/uploads\/2018\/03\/shutterstock_393406468-300x200.jpg 300w, https:\/\/www.fengshuidulogic.com\/wp-content\/uploads\/2018\/03\/shutterstock_393406468-768x512.jpg 768w, https:\/\/www.fengshuidulogic.com\/wp-content\/uploads\/2018\/03\/shutterstock_393406468-1024x682.jpg 1024w, https:\/\/www.fengshuidulogic.com\/wp-content\/uploads\/2018\/03\/shutterstock_393406468-1080x720.jpg 1080w, https:\/\/www.fengshuidulogic.com\/wp-content\/uploads\/2018\/03\/shutterstock_393406468-610x407.jpg 610w, https:\/\/www.fengshuidulogic.com\/wp-content\/uploads\/2018\/03\/shutterstock_393406468.jpg 1600w\" sizes=\"(max-width: 546px) 100vw, 546px\" \/><\/p>\n<p>.<\/p>\n<p>.<\/p>\n<p>Autant dire que si vous avez une bonne qualit\u00e9 de Qi qui vient jusqu&#8217;\u00e0 l&#8217;entr\u00e9e de chez vous mais que la porte d&#8217;entr\u00e9e est ab\u00eem\u00e9e, et l&#8217;int\u00e9rieur encombr\u00e9, cette qualit\u00e9 de Qi va bien vite changer une fois \u00e0 l&#8217;int\u00e9rieur. En fonction de la couleur, de la mati\u00e8re, de la forme de votre porte principale, et tout ce qui se trouve entre cette entr\u00e9e et votre porte de sortie ou bien les fen\u00eatres et les \u00e9vacuations d&#8217;eaux us\u00e9es, va modifier, moduler, colorer all\u00e9ger ou alourdir cette nourriture \u00e9nerg\u00e9tique qui circule en permanence dans votre int\u00e9rieur\u00a0<em><strong>et VOUS ALIMENTE !!!\u00a0<\/strong><\/em><\/p>\n<p>Ne dit-on pas qu&#8217;avoir une bonne respiration est la base d&#8217;une bonne sant\u00e9 physique et mentale ? Et bien chez vous, c&#8217;est pareil ! La respiration de l&#8217;\u00e9nergie dans l&#8217;espace a un impact sur la votre ! Cette \u00e9nergie vous alimente en permanence et l\u00e0 o\u00f9 il y a blocage de Qi, stagnation ou encore diff\u00e9rents &#8220;Qi coupants&#8221;, fl\u00e8ches de Sha&#8230; Qui sont des termes pour d\u00e9signer des formes agressives voir violentes ou inertes que prend ce Qi en fonction de votre mani\u00e8re de l&#8217;inviter chez vous !<\/p>\n<p>Toutes ces \u00e9nergies perverses ont un impact sur votre \u00e9nergie, celle de vos organes, et en fonction de l\u00e0 o\u00f9 ils sont situ\u00e9s dans votre lieu de vie ou de travail, ils ont une r\u00e9percussion aussi sur un domaine particulier de votre vie !<\/p>\n<p>Nous verrons cela plus en d\u00e9tail dans la partie &#8220;ba-gua&#8221;<\/p>\n<p>.<\/p>\n<p>.<\/p>\n<h2>L&#8217;IMPACT DES COULEURS SUR NOTRE PSYCH\u00c9<\/h2>\n<p>.<\/p>\n<p>.<\/p>\n<p><img loading=\"lazy\" class=\"wp-image-280 aligncenter\" src=\"http:\/\/www.fengshuidulogic.com\/wp-content\/uploads\/2018\/02\/2573913-preparing-to-paint-1-300x200.jpg\" alt=\"\" width=\"377\" height=\"251\" srcset=\"https:\/\/www.fengshuidulogic.com\/wp-content\/uploads\/2018\/02\/2573913-preparing-to-paint-1-300x200.jpg 300w, https:\/\/www.fengshuidulogic.com\/wp-content\/uploads\/2018\/02\/2573913-preparing-to-paint-1.jpg 384w\" sizes=\"(max-width: 377px) 100vw, 377px\" \/><\/p>\n<p>.<\/p>\n<p>.<\/p>\n<p>Je vous propose un petit exercice !<\/p>\n<p>\u00cates-vous pr\u00eat ?<\/p>\n<p>PRENEZ QUELQUES INSTANTS POUR IMAGINER&#8230;<\/p>\n<p>Vous \u00eates dans un lagon d&#8217;un bleu suave&#8230; Vous nagez dans ce bleu lagon, il vous entoure de partout&#8230; Vous vous y baignez en vous d\u00e9lectant de cette couleur&#8230;<\/p>\n<p>Imaginez !<\/p>\n<p>Que ressentez vous ?<\/p>\n<p>Y &#8216; a-t-il des parties de votre corps qui se d\u00e9tendent ?<\/p>\n<p>Maintenant, vous vous retrouvez dans une nuit profond\u00e9ment noire&#8230; Vous ne voyez rien ! A part cette obscurit\u00e9 profonde&#8230; Que ressentez-vous ?<\/p>\n<p>Imaginez quelques instants !<\/p>\n<p>Puis \u00e0 pr\u00e9sent vous \u00eates dans une pi\u00e8ce d&#8217;un rouge vif et p\u00e9tard ! Qu&#8217;est-ce que cela stimule en vous ? Quelles sont vos r\u00e9actions physiques ? \u00c9motionnelles ? Imaginez !<\/p>\n<p>Et bien&#8230; vous venez de faire, si vous avez jou\u00e9 le jeu (!) une exp\u00e9rience du Yin et du Yang !<\/p>\n<p>Deux besoins vitaux et fondamentaux qui temp\u00e8rent notre vie !<\/p>\n<p><strong>Le but \u00e9tant de retrouver l&#8217;\u00e9quilibre 50\/50<\/strong> comme l&#8217;est le Tao : 50 % de Yin et 50% de Yang ! L&#8217;\u00eatre \u00e9quilibr\u00e9 est autant Yin que Yang ! Ni trop l&#8217;un ni trop l&#8217;autre !<\/p>\n<p>Une couleur va avant tout vous alimenter de par ce fait qu&#8217;elle est soit Yin ou Yang et va vous influencer en fonction,<\/p>\n<p>\u00e0 savoir ce dont vous avez personnellement besoin, o\u00f9 et quand ! En fonction de vos besoins personnels, selon votre \u00e9l\u00e9ment, si vous \u00eates \u00e0 dominante Yin ou Yang&#8230;<\/p>\n<p>En fonction de votre travail, de votre \u00e2ge, de votre rapport \u00e0 votre corps, de vos besoins en terme de vie sociale et familiale&#8230;<\/p>\n<p>Tout l&#8217;Art du Feng-Shui est de vous proposer des espaces dont les couleurs vont vous inviter \u00e0 soit vous d\u00e9tendre, soit avoir de l&#8217;\u00e9nergie, agir, communiquer facilement&#8230; Et tout simplement vous sentir bien avec vous-m\u00eame !<\/p>\n<p>Pour ma part, je vois beaucoup de choses avec la morphopsychologie : les formes de votre visage et la texture de votre peau en disent long sur votre dominante Yin ou Yang et votre besoin d&#8217;\u00eatre aliment\u00e9 par l&#8217;une plus que l&#8217;autre de ces deux moteurs. L&#8217;un \u00e9tant moteur de r\u00e9ceptivit\u00e9, l&#8217;autre moteur d&#8217;expression de soi&#8230;<\/p>\n<p>Votre signe astrologique et ascendant donnent aussi les arguments de savoir quel \u00e9l\u00e9ment est le votre et quels types de couleurs vous correspondent.<\/p>\n<p>Car chacune des couleurs existantes portent en elles l&#8217;un des 5 \u00e9l\u00e9ments (Feu-Terre-M\u00e9tal-Eau et Bois). Voil\u00e0 pourquoi certaines couleurs nous sont en aversion et nous provoquent un sentiment tr\u00e8s d\u00e9sagr\u00e9able tandis que d&#8217;autres nous inspirent comme un rayon de soleil !<\/p>\n<p>Car certains \u00e9l\u00e9ments entre eux ne font pas bon m\u00e9nage, tandis que d&#8217;autres se nourrissent et se dynamisent.<\/p>\n<p>Avec la morphopsychologie, je vois \u00e9galement par rapport aux trois niveaux vibratoires (explication plus bas des 3 niveaux vibratoires) si vous avez besoin de couleurs d&#8217;ancrages et \u00e0 quel endroit dans votre lieu de vie et de travail, ou davantage de couleurs renfor\u00e7ant votre capacit\u00e9 \u00e0 \u00eatre \u00e0 l&#8217;aise dans les relations humaines (et \u00e0 vous m\u00eame avant tout) et votre besoin d'&#8221;\u00e9vasion&#8221;, de spiritualit\u00e9, d&#8217;imagination&#8230; pour prendre votre envol dans la vie.<\/p>\n<p>.<\/p>\n<p>.<\/p>\n<h2><strong>LES 3 NIVEAUX VIBRATOIRES : TERRE &#8211; HUMAIN &#8211; CIEL\u00a0<\/strong><\/h2>\n<p>.<\/p>\n<p>Dans l&#8217;espace de chacune de vos pi\u00e8ces, dans le sens de la hauteur, donc \u00e0 la verticale, <strong>se trouvent trois niveaux de vibration distinctes et diff\u00e9rentes&#8230;<\/strong><\/p>\n<p><strong>A savoir<\/strong> : depuis le sol jusqu&#8217;au niveau de vos hanches quand vous \u00eates debout, c&#8217;est <strong>le Niveau Terre<\/strong>. Toutes les &#8220;informations mat\u00e9rielles&#8221; situ\u00e9es dans ce niveau (les mati\u00e8res, les formes et les couleurs), dans les tapis, les composants du sol, la mani\u00e8re dont le carrelage est pos\u00e9, le mobilier et les objets de d\u00e9coration,<strong> la mani\u00e8re dont l&#8217;\u00e9nergie circule dans ce niveau<\/strong>, tout ceci va avoir un<strong> impact sur votre vie mat\u00e9rielle et votre ancrage. <\/strong>Ce niveau est reli\u00e9 au chakra racine<strong>.<\/strong><\/p>\n<p>Le niveau du &#8220;milieu&#8221;, lui est appel\u00e9 <strong>le Niveau Humain<\/strong>, et il est situ\u00e9 depuis vos hanches quand vous \u00eates debout jusqu&#8217;au sommet de votre t\u00eate. Ce niveau l\u00e0 va avoir un<strong> impact sur vos \u00e9motions<\/strong>, ce que vous ressentez, et la mani\u00e8re dont vous vivez les relations humaines. Il est reli\u00e9 au chakra du coeur. Les objets de d\u00e9co, les tableaux, photos, posters, cartes, mots, couleurs, mati\u00e8res et formes, ainsi que les 5 \u00e9l\u00e9ments situ\u00e9s dans ce niveau vont influencer le domaine des relations humaines et de votre expression de soi.<\/p>\n<p>Avec la connaissance du Feng-Shui, la d\u00e9coration devient alors comme une nourriture pour l&#8217;\u00e2me et, \u00e9tant alors <strong>nourrie d&#8217;informations b\u00e9n\u00e9fiques pour son \u00e9panouissement<\/strong>, l&#8217;\u00e2me va pouvoir s&#8217;exprimer en tant que telle.<\/p>\n<p>Le 3\u00e8me niveau est alors situ\u00e9 au-dessus de la t\u00eate et il est appel\u00e9 <strong>le Niveau Ciel.\u00a0<\/strong>Il correspond \u00e0 votre<strong> imagination<\/strong>, votre <strong>spiritualit\u00e9<\/strong>, votre sensation de libert\u00e9 et capacit\u00e9 \u00e0 vous \u00e9lever et prendre votre envol dans la vie. <strong>C&#8217;est aussi le domaine de la r\u00e9flexion et de la science, de l&#8217;intellect&#8230;<\/strong> Tout ce qui est situ\u00e9 dans ce niveau (couleurs, mati\u00e8res, formes), informations visuelles et \u00e9nerg\u00e9tiques, vont avoir <strong>un impact sur votre esprit, votre d\u00e9veloppement intellectuel et spirituel.<\/strong><\/p>\n<p>Il y a bien s\u00fbr, selon le Feng-Shui une mani\u00e8re bien \u00e0 part de traiter chacun de ces domaines car chacun des trois \u00e0 &#8220;un mot d&#8217;ordre qui lui est propre&#8221;, une fonction particuli\u00e8re. Nous traitons les trois domaines avec Harmonie esth\u00e9tique, et ma formation de morphopsychologie pour le feng shui me permet de retrouver dans votre visage ces trois niveaux : c&#8217;est \u00e0 dire votre m\u00e2choire correspond \u00e0 votre vie mat\u00e9rielle, le niveau des joues est le niveau humain tandis que votre front correspond \u00e0 votre niveau Ciel. Ce que je vois alors dans la forme de votre visage, qui est l&#8217;expression de votre moi int\u00e9rieur, va m&#8217;indiquer vos besoins en terme de couleurs, de mati\u00e8res et de formes et d&#8217;informations dans chacun des trois domaines ! C&#8217;est donc une analyse personnalis\u00e9e et des conseils adapt\u00e9s \u00e0 votre personnalit\u00e9 que je vous propose gr\u00e2ce \u00e0 ce d\u00e9codage !<\/p>\n<h2><\/h2>\n<p>La suite dans un moment&#8230;<\/p>\n<p><em>Un peu de patience !!! \u00e7a va venir !!!\u00a0<\/em><\/p>\n<p>.<\/p>\n<p>.<\/p>\n<p><img loading=\"lazy\" class=\"alignnone size-medium wp-image-279 aligncenter\" src=\"http:\/\/www.fengshuidulogic.com\/wp-content\/uploads\/2018\/02\/girl-1424994-160x300.png\" alt=\"\" width=\"160\" height=\"300\" srcset=\"https:\/\/www.fengshuidulogic.com\/wp-content\/uploads\/2018\/02\/girl-1424994-160x300.png 160w, https:\/\/www.fengshuidulogic.com\/wp-content\/uploads\/2018\/02\/girl-1424994-768x1443.png 768w, https:\/\/www.fengshuidulogic.com\/wp-content\/uploads\/2018\/02\/girl-1424994-545x1024.png 545w, https:\/\/www.fengshuidulogic.com\/wp-content\/uploads\/2018\/02\/girl-1424994-610x1146.png 610w, https:\/\/www.fengshuidulogic.com\/wp-content\/uploads\/2018\/02\/girl-1424994.png 852w\" sizes=\"(max-width: 160px) 100vw, 160px\" \/><\/p>\n<span class=\"et_bloom_bottom_trigger\"><\/span>","protected":false},"excerpt":{"rendered":"<p>BONJOUR ET BIENVENUE dans cet espace Blog !!!\u00a0 . . . . Ici, je vais vous donner quelques explications sur le Feng-Shui, astuces annexes, conseils et autres petites informations\u00a0sur ce que vous pouvez faire pour votre Feng-Shui&#8230; . . D&#8217;O\u00f9 PROVIENT LE FENG-SHUI ? . . Le Feng-Shui a \u00e9t\u00e9 d\u00e9couvert et d\u00e9velopp\u00e9 il y [&hellip;]<\/p>\n","protected":false},"author":1,"featured_media":0,"parent":0,"menu_order":0,"comment_status":"closed","ping_status":"closed","template":"","meta":{"_et_pb_use_builder":"off","_et_pb_old_content":"<h1><em><strong>BONJOUR ET BIENVENUE<\/strong> <\/em><\/h1><h1 style=\"text-align: center;\"><em>dans cet espace Blog !!!\u00a0<\/em><\/h1><p>\u00a0<\/p><p><img class=\"wp-image-328 aligncenter\" src=\"http:\/\/www.fengshuidulogic.com\/wp-content\/uploads\/2018\/03\/shutterstock_418249096-300x200.jpg\" alt=\"\" width=\"443\" height=\"295\" \/><\/p><h4>\u00a0<\/h4><h4>Ici je vais vous donner quelques explications sur le Feng-Shui, astuces annexes, conseils et autres petites informations<\/h4><h4>sur ce que vous pouvez faire pour votre Feng-Shui...<\/h4><p>\u00a0<\/p><p>\u00a0<\/p><h2>D'O\u00f9 PROVIENT LE FENG-SHUI ?<\/h2><p>\u00a0<\/p><p>\u00a0<\/p><h2><strong>LA CIRCULATION DE L'ENERGIE DANS L'ESPACE OU \"CIRCULATION DU QI\"<\/strong><\/h2><p><em>Un peu de patience !!! \u00e7a va venir !!!\u00a0<\/em><\/p><p>\u00a0<\/p><p><img class=\"alignnone size-medium wp-image-279 aligncenter\" src=\"http:\/\/www.fengshuidulogic.com\/wp-content\/uploads\/2018\/02\/girl-1424994-160x300.png\" alt=\"\" width=\"160\" height=\"300\" \/><\/p><p>\u00a0<\/p><p>\u00a0<\/p>","_et_gb_content_width":""},"_links":{"self":[{"href":"https:\/\/www.fengshuidulogic.com\/index.php\/wp-json\/wp\/v2\/pages\/10"}],"collection":[{"href":"https:\/\/www.fengshuidulogic.com\/index.php\/wp-json\/wp\/v2\/pages"}],"about":[{"href":"https:\/\/www.fengshuidulogic.com\/index.php\/wp-json\/wp\/v2\/types\/page"}],"author":[{"embeddable":true,"href":"https:\/\/www.fengshuidulogic.com\/index.php\/wp-json\/wp\/v2\/users\/1"}],"replies":[{"embeddable":true,"href":"https:\/\/www.fengshuidulogic.com\/index.php\/wp-json\/wp\/v2\/comments?post=10"}],"version-history":[{"count":48,"href":"https:\/\/www.fengshuidulogic.com\/index.php\/wp-json\/wp\/v2\/pages\/10\/revisions"}],"predecessor-version":[{"id":1491,"href":"https:\/\/www.fengshuidulogic.com\/index.php\/wp-json\/wp\/v2\/pages\/10\/revisions\/1491"}],"wp:attachment":[{"href":"https:\/\/www.fengshuidulogic.com\/index.php\/wp-json\/wp\/v2\/media?parent=10"}],"curies":[{"name":"wp","href":"https:\/\/api.w.org\/{rel}","templated":true}]}}