{"id":8,"date":"2018-01-26T15:35:09","date_gmt":"2018-01-26T14:35:09","guid":{"rendered":"http:\/\/www.fengshuidulogic.com\/?page_id=8"},"modified":"2020-12-04T16:27:08","modified_gmt":"2020-12-04T15:27:08","slug":"a-propos-de","status":"publish","type":"page","link":"https:\/\/www.fengshuidulogic.com\/index.php\/a-propos-de\/","title":{"rendered":"QUI SUIS-JE ?"},"content":{"rendered":"<h2><strong>Bonjour \u00e0 vous ch\u00e8re visiteuse, cher visiteur !!!<\/strong><\/h2>\n<p style=\"text-align: center;\">&#8230;<\/p>\n<p style=\"text-align: center;\">&#8230;<\/p>\n<h3><img loading=\"lazy\" class=\"wp-image-174 alignnone alignright\" src=\"http:\/\/www.fengshuidulogic.com\/wp-content\/uploads\/2018\/02\/AnneSo-Conf\u00e9rence-FS-270x300.jpg\" alt=\"\" width=\"246\" height=\"273\" srcset=\"https:\/\/www.fengshuidulogic.com\/wp-content\/uploads\/2018\/02\/AnneSo-Conf\u00e9rence-FS-270x300.jpg 270w, https:\/\/www.fengshuidulogic.com\/wp-content\/uploads\/2018\/02\/AnneSo-Conf\u00e9rence-FS.jpg 373w\" sizes=\"(max-width: 246px) 100vw, 246px\" \/><em>Anne-Sophie Nicolas,<\/em><\/h3>\n<p>.<\/p>\n<h3><em>44 ans<\/em><\/h3>\n<p>.<\/p>\n<h3><em><strong>dans le domaine du Feng-Shui <\/strong><\/em><\/h3>\n<h3><em><strong>et d\u00e9co-th\u00e9rapie\u00a0<\/strong><\/em><em><strong>depuis 2001 !<\/strong><\/em><\/h3>\n<p style=\"text-align: center;\">&#8230;<\/p>\n<p style=\"text-align: center;\">&#8230;<\/p>\n<p style=\"text-align: center;\">&#8230;<\/p>\n<h3>Je suis une hypersensible !!!<\/h3>\n<p style=\"text-align: center;\">.<\/p>\n<p><em>D&#8217;o\u00f9 ma connexion naturelle avec les lieux et l&#8217;environnement !<\/em><\/p>\n<p>J&#8217;aime la Nature et les animaux.<\/p>\n<p>Egalement artiste : auteure de chansons que je compose et chante au piano.<\/p>\n<p>Le vivant m&#8217;\u00e9merveille et la spiritualit\u00e9 que je pratique depuis bient\u00f4t 30 ans m&#8217;a ouvert les yeux sur ce monde magique qui nous entoure.<\/p>\n<p>.<\/p>\n<p><strong>Je me suis rendu compte il y a plusieurs ann\u00e9es que peu de gens ont cette capacit\u00e9 \u00e0 voir, sentir et vivre cette magie de la vie. Et qu&#8217;avec certaines connaissances des lois universelles et leur mise en application, l&#8217;\u00eatre humain peut alors enlever des voiles d&#8217;absence \u00e0 lui-m\u00eame et se sentir plus empli d&#8217;Amour.<\/strong><\/p>\n<p>.<\/p>\n<p>Quand j&#8217;ai commenc\u00e9 \u00e0 apprendre les lois du rapport entre l&#8217; Humain et son environnement proche, et que je les ai essay\u00e9es, bien des choses se sont ouvertes dans ma vie, et j&#8217;ai commenc\u00e9 \u00e0 changer radicalement. Alors que j&#8217;\u00e9tais mal dans ma peau avant et tr\u00e8s mal \u00e0 l&#8217;aise en soci\u00e9t\u00e9, j&#8217;ai commenc\u00e9 \u00e0 rencontrer ma force int\u00e9rieure et \u00e0 r\u00e9aliser des r\u00eaves.<\/p>\n<p><strong>C&#8217;est pourquoi je me suis passionn\u00e9e par le fait de mettre au service des autres ces connaissances qui ne restent pas que de la th\u00e9orie dans la vie des gens !<\/strong><\/p>\n<p>.<\/p>\n<p>La premi\u00e8re fois que j&#8217;ai donn\u00e9 un conseil \u00e0 une femme c\u00e9libataire depuis 10 ans qui souffrait de solitude et qui a rencontr\u00e9 l&#8217;homme de sa vie en 2 semaines suite \u00e0 l&#8217;application du Feng-Shui, nous avons \u00e9t\u00e9 bluff\u00e9es toutes les deux !!!<\/p>\n<p>C&#8217;est \u00e0 partir de l\u00e0 que j&#8217;ai d\u00e9cid\u00e9 d&#8217;en faire un m\u00e9tier pour aider d&#8217;autres personnes \u00e0 <strong>conna\u00eetre un nouveau son de cloche \u00e0 leur rouage quotidien !\u00a0\u00a0<\/strong><\/p>\n<p style=\"text-align: center;\">\n<p>.<\/p>\n<p>.<\/p>\n<p><img loading=\"lazy\" class=\"aligncenter wp-image-559 size-large\" src=\"https:\/\/www.fengshuidulogic.com\/wp-content\/uploads\/2018\/04\/poppy-3137588-1024x682.jpg\" alt=\"\" width=\"620\" height=\"413\" srcset=\"https:\/\/www.fengshuidulogic.com\/wp-content\/uploads\/2018\/04\/poppy-3137588-1024x682.jpg 1024w, https:\/\/www.fengshuidulogic.com\/wp-content\/uploads\/2018\/04\/poppy-3137588-300x200.jpg 300w, https:\/\/www.fengshuidulogic.com\/wp-content\/uploads\/2018\/04\/poppy-3137588-768x512.jpg 768w, https:\/\/www.fengshuidulogic.com\/wp-content\/uploads\/2018\/04\/poppy-3137588-1080x720.jpg 1080w, https:\/\/www.fengshuidulogic.com\/wp-content\/uploads\/2018\/04\/poppy-3137588-610x407.jpg 610w, https:\/\/www.fengshuidulogic.com\/wp-content\/uploads\/2018\/04\/poppy-3137588.jpg 1600w\" sizes=\"(max-width: 620px) 100vw, 620px\" \/><\/p>\n<p>.<\/p>\n<p>.<\/p>\n<p>.<\/p>\n<h2 style=\"text-align: center;\"><strong>Mes \u00e9tudes en Feng-Shui ?\u00a0<\/strong><\/h2>\n<p>.<\/p>\n<p><strong>4 ans de Formation Professionnelle \u00e0 l&#8217;Acad\u00e9mie de Feng-Shui occidental de Bruxelles, <\/strong>de f\u00e9vrier 2007 \u00e0 d\u00e9cembre 2010.<\/p>\n<p>.<\/p>\n<p>Ce fut une<strong> Formation compl\u00e8te sur :<\/strong><\/p>\n<p>.<\/p>\n<ul>\n<li>\n<h3><strong>Aider les entrepreneurs \u00e0 r\u00e9aliser leur succ\u00e8s de mani\u00e8re p\u00e9renne<\/strong><\/h3>\n<\/li>\n<li>\n<h3><strong>Am\u00e9liorer la vie des particuliers depuis domicile<\/strong><\/h3>\n<\/li>\n<li>\n<h3><strong>Aider les enfants \u00e0 s&#8217;\u00e9panouir, \u00e0 \u00eatre plus pos\u00e9s, mieux concert\u00e9s \u00e0 leurs \u00e9tudes et mieux dans leur peau.<\/strong><\/h3>\n<\/li>\n<li>\n<h3><strong>Le feng-shui des jardins.<\/strong><\/h3>\n<\/li>\n<\/ul>\n<p>.<\/p>\n<h2><strong>+ Ce qui fait ma Sp\u00e9cificit\u00e9 :\u00a0<\/strong><strong>La morphopsychologie<\/strong><\/h2>\n<p>.<\/p>\n<h2><strong>pour adapter les conseils<\/strong> <strong>de d\u00e9co feng-shui \u00e0 la personnalit\u00e9 de mes clients.<\/strong><\/h2>\n<p>.<\/p>\n<p>.<\/p>\n<p><img loading=\"lazy\" class=\"alignnone size-medium wp-image-584 aligncenter\" src=\"http:\/\/www.fengshuidulogic.com\/wp-content\/uploads\/2018\/04\/Photo-Anne-Sophie-200x300.jpg\" alt=\"\" width=\"200\" height=\"300\" srcset=\"https:\/\/www.fengshuidulogic.com\/wp-content\/uploads\/2018\/04\/Photo-Anne-Sophie-200x300.jpg 200w, https:\/\/www.fengshuidulogic.com\/wp-content\/uploads\/2018\/04\/Photo-Anne-Sophie-610x915.jpg 610w, https:\/\/www.fengshuidulogic.com\/wp-content\/uploads\/2018\/04\/Photo-Anne-Sophie.jpg 640w\" sizes=\"(max-width: 200px) 100vw, 200px\" \/><\/p>\n<p>.<\/p>\n<p>.<\/p>\n<p><em><strong>Pourquoi est-ce aussi une passion pour moi ?<\/strong><\/em><\/p>\n<p><strong>Son c\u00f4t\u00e9 cr\u00e9atif dans la d\u00e9coration est ludique et vivant du fait de s&#8217;adapter \u00e0 chacun.<\/strong> Aucune analyse-conseil ne se ressemble puisque personne n&#8217;est semblable \u00e0 son voisin ni m\u00eame \u00e0 son jumeau ! Et j&#8217;aime ce c\u00f4t\u00e9 non r\u00e9barbatif !<\/p>\n<p>Dans le Feng-Shui sont associ\u00e9s<strong>\u00a0d\u00e9coration d&#8217;int\u00e9rieur et conscience de son impact \u00e9nerg\u00e9tique et psychologique<\/strong>, pour enlever les b\u00e2tons dans les roues que vous avez dans la vie de tous les jours.<\/p>\n<p><strong>Je traite \u00e9galement les probl\u00e8mes li\u00e9s aux ondes \u00e9lectromagn\u00e9tiques<\/strong> de toutes sortes et <strong>g\u00e9obiologiques.<\/strong><\/p>\n<p>.<\/p>\n<h3>Et oui, je suis aussi form\u00e9e \u00e0 la g\u00e9obiologie par mon p\u00e8re, Pierre Nicolas, Fondateur de la gamme Terre de Lys.<\/h3>\n<p>.<\/p>\n<p>.<\/p>\n<p><img loading=\"lazy\" class=\"size-medium wp-image-582 aligncenter\" src=\"http:\/\/www.fengshuidulogic.com\/wp-content\/uploads\/2018\/04\/vlcsnap-2017-11-18-02h21m51s311-170x300.png\" alt=\"\" width=\"170\" height=\"300\" srcset=\"https:\/\/www.fengshuidulogic.com\/wp-content\/uploads\/2018\/04\/vlcsnap-2017-11-18-02h21m51s311-170x300.png 170w, https:\/\/www.fengshuidulogic.com\/wp-content\/uploads\/2018\/04\/vlcsnap-2017-11-18-02h21m51s311-768x1353.png 768w, https:\/\/www.fengshuidulogic.com\/wp-content\/uploads\/2018\/04\/vlcsnap-2017-11-18-02h21m51s311-581x1024.png 581w, https:\/\/www.fengshuidulogic.com\/wp-content\/uploads\/2018\/04\/vlcsnap-2017-11-18-02h21m51s311-1080x1902.png 1080w, https:\/\/www.fengshuidulogic.com\/wp-content\/uploads\/2018\/04\/vlcsnap-2017-11-18-02h21m51s311-610x1074.png 610w, https:\/\/www.fengshuidulogic.com\/wp-content\/uploads\/2018\/04\/vlcsnap-2017-11-18-02h21m51s311.png 908w\" sizes=\"(max-width: 170px) 100vw, 170px\" \/><\/p>\n<p>.<\/p>\n<p>.<\/p>\n<p>Je vais vous confier une chose&#8230; Il y a quelques ann\u00e9es cr\u00e9er 1 spectacle et le jouer \u00e9tait pour moi <em><strong>utopique !<\/strong><\/em>\u00a0Tant j&#8217;\u00e9tais maladivement timide et renferm\u00e9e dans mon monde int\u00e9rieur ! Et avec <strong>la pratique du Feng-Shui<\/strong>, j&#8217;ai mis en application les zones, les couleurs, les symboliques, <strong>qui m&#8217;ont hiss\u00e9es au fil du temps \u00e0 r\u00e9aliser ce r\u00eave d&#8217;enfant !<\/strong><\/p>\n<p>.<\/p>\n<p>Merci de votre visite !<\/p>\n<p>.<\/p>\n<p>Anne-Sophie<\/p>\n<span class=\"et_bloom_bottom_trigger\"><\/span>","protected":false},"excerpt":{"rendered":"<p>Bonjour \u00e0 vous ch\u00e8re visiteuse, cher visiteur !!! &#8230; &#8230; Anne-Sophie Nicolas, . 44 ans . dans le domaine du Feng-Shui et d\u00e9co-th\u00e9rapie\u00a0depuis 2001 ! &#8230; &#8230; &#8230; Je suis une hypersensible !!! . D&#8217;o\u00f9 ma connexion naturelle avec les lieux et l&#8217;environnement ! J&#8217;aime la Nature et les animaux. Egalement artiste : auteure de [&hellip;]<\/p>\n","protected":false},"author":1,"featured_media":0,"parent":0,"menu_order":0,"comment_status":"closed","ping_status":"closed","template":"","meta":{"_et_pb_use_builder":"","_et_pb_old_content":"","_et_gb_content_width":""},"_links":{"self":[{"href":"https:\/\/www.fengshuidulogic.com\/index.php\/wp-json\/wp\/v2\/pages\/8"}],"collection":[{"href":"https:\/\/www.fengshuidulogic.com\/index.php\/wp-json\/wp\/v2\/pages"}],"about":[{"href":"https:\/\/www.fengshuidulogic.com\/index.php\/wp-json\/wp\/v2\/types\/page"}],"author":[{"embeddable":true,"href":"https:\/\/www.fengshuidulogic.com\/index.php\/wp-json\/wp\/v2\/users\/1"}],"replies":[{"embeddable":true,"href":"https:\/\/www.fengshuidulogic.com\/index.php\/wp-json\/wp\/v2\/comments?post=8"}],"version-history":[{"count":112,"href":"https:\/\/www.fengshuidulogic.com\/index.php\/wp-json\/wp\/v2\/pages\/8\/revisions"}],"predecessor-version":[{"id":1566,"href":"https:\/\/www.fengshuidulogic.com\/index.php\/wp-json\/wp\/v2\/pages\/8\/revisions\/1566"}],"wp:attachment":[{"href":"https:\/\/www.fengshuidulogic.com\/index.php\/wp-json\/wp\/v2\/media?parent=8"}],"curies":[{"name":"wp","href":"https:\/\/api.w.org\/{rel}","templated":true}]}}